{"id":3533,"date":"2015-09-13T06:35:53","date_gmt":"2015-09-13T11:05:53","guid":{"rendered":"https:\/\/tucuatro.com\/es\/register\/"},"modified":"2023-02-16T21:47:57","modified_gmt":"2023-02-17T02:47:57","slug":"register","status":"publish","type":"page","link":"https:\/\/tucuatro.com\/apprendre\/register\/","title":{"rendered":"Registra tu cuenta"},"content":{"rendered":"\t\t<div data-elementor-type=\"wp-page\" data-elementor-id=\"3533\" class=\"elementor elementor-3533\" data-elementor-post-type=\"page\">\n\t\t\t\t\t\t<section class=\"elementor-section elementor-top-section elementor-element elementor-element-3dab7eb elementor-section-boxed elementor-section-height-default elementor-section-height-default\" data-id=\"3dab7eb\" data-element_type=\"section\" data-e-type=\"section\">\n\t\t\t\t\t\t<div class=\"elementor-container elementor-column-gap-default\">\n\t\t\t\t\t<div class=\"elementor-column elementor-col-100 elementor-top-column elementor-element elementor-element-eaf90a3\" data-id=\"eaf90a3\" data-element_type=\"column\" data-e-type=\"column\">\n\t\t\t<div class=\"elementor-widget-wrap elementor-element-populated\">\n\t\t\t\t\t\t<section class=\"elementor-section elementor-inner-section elementor-element elementor-element-1028158 elementor-section-boxed elementor-section-height-default elementor-section-height-default\" data-id=\"1028158\" data-element_type=\"section\" data-e-type=\"section\">\n\t\t\t\t\t\t<div class=\"elementor-container elementor-column-gap-default\">\n\t\t\t\t\t<div class=\"elementor-column elementor-col-50 elementor-inner-column elementor-element elementor-element-97e8a8d\" data-id=\"97e8a8d\" data-element_type=\"column\" data-e-type=\"column\">\n\t\t\t<div class=\"elementor-widget-wrap elementor-element-populated\">\n\t\t\t\t\t\t<div class=\"elementor-element elementor-element-507c4a3 elementor-widget elementor-widget-image\" data-id=\"507c4a3\" data-element_type=\"widget\" data-e-type=\"widget\" data-widget_type=\"image.default\">\n\t\t\t\t<div class=\"elementor-widget-container\">\n\t\t\t\t\t\t\t\t\t\t\t\t\t\t\t<img decoding=\"async\" src=\"https:\/\/tucuatro.com\/wp-content\/uploads\/sites\/4\/2020\/02\/fretboard_icon_black-64px.png\" title=\"\" alt=\"\" loading=\"lazy\" \/>\t\t\t\t\t\t\t\t\t\t\t\t\t\t\t<\/div>\n\t\t\t\t<\/div>\n\t\t\t\t<div class=\"elementor-element elementor-element-66e1ebb elementor-widget elementor-widget-text-editor\" data-id=\"66e1ebb\" data-element_type=\"widget\" data-e-type=\"widget\" data-widget_type=\"text-editor.default\">\n\t\t\t\t<div class=\"elementor-widget-container\">\n\t\t\t\t\t\t\t\t\t<div class=\"ConversationItem__ConversationItemWrapper-sc-18srrdc-0 iaEgGV group bg-gray-50 dark:bg-[#444654]\">\n<div class=\"ConversationItem__Message-sc-18srrdc-1 ixLEsD\">\n<div class=\"relative lg:w-[calc(100%-115px)] w-full flex flex-col\">\n<div class=\"min-h-[20px] whitespace-pre-wrap flex flex-col items-start gap-4\">\n<div class=\"request-:R2dm:-4 markdown prose dark:prose-invert break-words light\">\n<p>Bienvenue \u00e0 TuCuatro! Pour contr\u00f4ler votre progression dans les supports de cours, vous devrez cr\u00e9er un compte. Il s&rsquo;agit d&rsquo;un processus simple et rapide qui ne prendra que quelques minutes.<\/p>\n<\/div>\n<div class=\"ConversationItem__ConversationItemWrapper-sc-18srrdc-0 iaEgGV group bg-gray-50 dark:bg-[#444654]\">\n<div class=\"ConversationItem__Message-sc-18srrdc-1 ixLEsD\">\n<div class=\"relative lg:w-[calc(100%-115px)] w-full flex flex-col\">\n<div>\u00a0<\/div>\n<div class=\"ConversationItem__ActionButtons-sc-18srrdc-4 eZArOl\">\u00a0<\/div>\n<\/div>\n<\/div>\n<\/div>\n<\/div>\n<\/div>\n<\/div>\n<\/div>\t\t\t\t\t\t\t\t<\/div>\n\t\t\t\t<\/div>\n\t\t\t\t<div class=\"elementor-element elementor-element-054c9a9 elementor-widget elementor-widget-text-editor\" data-id=\"054c9a9\" data-element_type=\"widget\" data-e-type=\"widget\" data-widget_type=\"text-editor.default\">\n\t\t\t\t<div class=\"elementor-widget-container\">\n\t\t\t\t\t\t\t\t\t\n<p>        <form enctype=\"multipart\/form-data\" method=\"post\" id=\"wppb-register-user\" class=\"wppb-user-forms wppb-register-user wppb-user-logged-out\" action=\"https:\/\/tucuatro.com\/apprendre\/wp-json\/wp\/v2\/pages\/3533\">\n\t\t\t<ul><li class=\"wppb-form-field wppb-default-name-heading\" id=\"wppb-form-element-1\"><h4>Name<\/h4><span class=\"wppb-description-delimiter \"><\/span><\/li><li class=\"wppb-form-field wppb-default-username\" id=\"wppb-form-element-2\">\n\t\t\t<label for=\"username\">Username<span class=\"wppb-required\" title=\"This field is required\">*<\/span><\/label>\n\t\t\t<input class=\"text-input default_field_username \" name=\"username\" maxlength=\"70\" type=\"text\" id=\"username\" value=\"\"  \/><\/li><li class=\"wppb-form-field wppb-default-first-name\" id=\"wppb-form-element-3\">\n\t\t\t<label for=\"first_name\">First Name<\/label>\n\t\t\t<input class=\"text-input default_field_firstname \" name=\"first_name\" maxlength=\"70\" type=\"text\" id=\"first_name\" value=\"\"  \/><\/li><li class=\"wppb-form-field wppb-default-last-name\" id=\"wppb-form-element-4\">\n\t\t\t<label for=\"last_name\">Last Name<\/label>\n\t\t\t<input class=\"text-input default_field_lastname \" name=\"last_name\" maxlength=\"70\" type=\"text\" id=\"last_name\" value=\"\" \/><\/li><li class=\"wppb-form-field wppb-default-nickname\" id=\"wppb-form-element-5\">\n\t\t\t<label for=\"nickname\">Nickname<\/label>\n\t\t\t<input class=\"text-input default_field_nickname \" name=\"nickname\" maxlength=\"70\" type=\"text\" id=\"nickname\" value=\"\" \/><\/li><li class=\"wppb-form-field wppb-default-display-name-publicly-as\" id=\"wppb-form-element-6\"><\/li><li class=\"wppb-form-field wppb-default-contact-info-heading\" id=\"wppb-form-element-7\"><h4>Contact Info<\/h4><span class=\"wppb-description-delimiter \"><\/span><\/li><li class=\"wppb-form-field wppb-default-e-mail\" id=\"wppb-form-element-8\">\n\t\t\t<label for=\"email\">E-mail<span class=\"wppb-required\" title=\"This field is required\">*<\/span><\/label>\n\t\t\t<input class=\"text-input default_field_email \" name=\"email\" maxlength=\"70\" type=\"email\" id=\"email\" value=\"\"   \/><\/li><li class=\"wppb-form-field wppb-default-website\" id=\"wppb-form-element-9\">\n\t\t\t<label for=\"website\">Website<\/label>\n\t\t\t<input class=\"text-input default_field_website \" name=\"website\" maxlength=\"70\" type=\"text\" id=\"website\" value=\"\" \/><\/li><li class=\"wppb-form-field wppb-default-about-yourself-heading\" id=\"wppb-form-element-10\"><h4>About Yourself<\/h4><span class=\"wppb-description-delimiter \"><\/span><\/li><li class=\"wppb-form-field wppb-default-biographical-info\" id=\"wppb-form-element-11\">\n\t\t\t<label for=\"description\">Biographical Info<\/label>\n\t\t\t<textarea rows=\"5\" name=\"description\" maxlength=\"\" class=\"default_field_description \" id=\"description\" wrap=\"virtual\" ><\/textarea><\/li><li class=\"wppb-form-field wppb-default-password\" id=\"wppb-form-element-12\">\n\t\t\t<label for=\"passw1\">Password<span class=\"wppb-required\" title=\"This field is required\">*<\/span><\/label>\n            <span class=\"wppb-password-field-container\">\n\t\t\t    <input class=\"text-input \" name=\"passw1\" maxlength=\"70\" type=\"password\" id=\"passw1\" value=\"\" autocomplete=\"off\" \/>\n\t\t\t     <!-- add the HTML for the visibility toggle -->\n\t\t\t<\/span><span class=\"wppb-description-delimiter\"> <\/span><\/li><li class=\"wppb-form-field wppb-default-repeat-password\" id=\"wppb-form-element-13\">\n\t\t\t<label for=\"passw2\">Repeat Password<span class=\"wppb-required\" title=\"This field is required\">*<\/span><\/label>\n\t\t\t<span class=\"wppb-password-field-container\">\n\t\t\t    <input class=\"text-input \" name=\"passw2\" maxlength=\"70\" type=\"password\" id=\"passw2\" value=\"\" autocomplete=\"off\" \/>\n\t\t\t     <!-- add the HTML for the visibility toggle -->\n\t\t\t<\/span><\/li><\/ul><ul><\/ul><\/ul>\t\t\t<p class=\"form-submit\"  >\n\t\t\t\t                \t\t\t\t<input name=\"register\" type=\"submit\" id=\"register\" class=\"submit button\" value=\"Register\" \/>\n                <input name=\"redirect_to\" type=\"hidden\" value=\"\" \/>\n                \t\t\t\t<input name=\"action\" type=\"hidden\" id=\"action\" value=\"register\" \/>\n\t\t\t\t<input name=\"form_name\" type=\"hidden\" id=\"form_name\" value=\"unspecified\" \/>\n\t\t\t\t<input name=\"form_id\" type=\"hidden\" id=\"form_id\" value=\"\" \/>\n\t\t\t\t\t\t\t<\/p><!-- .form-submit -->\n\t\t\t<input type=\"hidden\" id=\"register_unspecified_nonce_field\" name=\"register_unspecified_nonce_field\" value=\"5679021bf2\" \/><input type=\"hidden\" name=\"_wp_http_referer\" value=\"\/apprendre\/wp-json\/wp\/v2\/pages\/3533\" \/>\t\t<\/form>\n\t\t<\/p>\n\n<p>Avez-vous d\u00e9j\u00e0 un compte? <a class=\"loginbutton\" href=\"\/fr\/login\/\">Login<\/a><\/p>\n\t\t\t\t\t\t\t\t<\/div>\n\t\t\t\t<\/div>\n\t\t\t\t\t<\/div>\n\t\t<\/div>\n\t\t\t\t<div class=\"elementor-column elementor-col-50 elementor-inner-column elementor-element elementor-element-8cc0a5d\" data-id=\"8cc0a5d\" data-element_type=\"column\" data-e-type=\"column\">\n\t\t\t<div class=\"elementor-widget-wrap elementor-element-populated\">\n\t\t\t\t\t\t<div class=\"elementor-element elementor-element-8c4fb80 elementor-align-center elementor-widget elementor-widget-lottie\" data-id=\"8c4fb80\" data-element_type=\"widget\" data-e-type=\"widget\" data-settings=\"{&quot;source_json&quot;:{&quot;url&quot;:&quot;https:\\\/\\\/tucuatro.com\\\/wp-content\\\/uploads\\\/sites\\\/1\\\/2022\\\/12\\\/24699-man-account-icon.json&quot;,&quot;id&quot;:20776,&quot;size&quot;:&quot;&quot;,&quot;alt&quot;:&quot;&quot;,&quot;source&quot;:&quot;library&quot;},&quot;trigger&quot;:&quot;none&quot;,&quot;loop&quot;:&quot;yes&quot;,&quot;play_speed&quot;:{&quot;unit&quot;:&quot;px&quot;,&quot;size&quot;:0.5,&quot;sizes&quot;:[]},&quot;end_point&quot;:{&quot;unit&quot;:&quot;%&quot;,&quot;size&quot;:100,&quot;sizes&quot;:[]},&quot;source&quot;:&quot;media_file&quot;,&quot;caption_source&quot;:&quot;none&quot;,&quot;link_to&quot;:&quot;none&quot;,&quot;start_point&quot;:{&quot;unit&quot;:&quot;%&quot;,&quot;size&quot;:0,&quot;sizes&quot;:[]},&quot;renderer&quot;:&quot;svg&quot;}\" data-widget_type=\"lottie.default\">\n\t\t\t\t<div class=\"elementor-widget-container\">\n\t\t\t\t\t<div class=\"e-lottie__container\"><div class=\"e-lottie__animation\"><\/div><\/div>\t\t\t\t<\/div>\n\t\t\t\t<\/div>\n\t\t\t\t<div class=\"elementor-element elementor-element-038364f elementor-widget elementor-widget-shortcode\" data-id=\"038364f\" data-element_type=\"widget\" data-e-type=\"widget\" data-widget_type=\"shortcode.default\">\n\t\t\t\t<div class=\"elementor-widget-container\">\n\t\t\t\t\t\t\t<div class=\"elementor-shortcode\"><div ><div class=\"the_champ_login_container\"><ul class=\"the_champ_login_ul\"><li><i class=\"theChampLogin theChampFacebookBackground theChampFacebookLogin\" alt=\"Login with Facebook\" title=\"Login with Facebook\" onclick=\"theChampInitiateLogin(this, 'facebook')\" ><div class=\"theChampFacebookLogoContainer\"><ss style=\"display:block\" class=\"theChampLoginSvg theChampFacebookLoginSvg\"><\/ss><\/div><\/i><\/li><li><i id=\"theChampGoogleButton\" class=\"theChampLogin theChampGoogleBackground theChampGoogleLogin\" alt=\"Login with Google\" title=\"Login with Google\" onclick=\"theChampInitiateLogin(this, 'google')\" ><ss style=\"display:block\" class=\"theChampLoginSvg theChampGoogleLoginSvg\"><\/ss><\/i><\/li><\/ul><\/div><\/div><div style=\"clear:both\"><\/div><\/div>\n\t\t\t\t\t\t<\/div>\n\t\t\t\t<\/div>\n\t\t\t\t<div class=\"elementor-element elementor-element-2077a04 elementor-widget elementor-widget-text-editor\" data-id=\"2077a04\" data-element_type=\"widget\" data-e-type=\"widget\" data-widget_type=\"text-editor.default\">\n\t\t\t\t<div class=\"elementor-widget-container\">\n\t\t\t\t\t\t\t\t\t<p>Avec votre compte, vous pouvez garder une trace de vos cours et le\u00e7ons termin\u00e9s. De plus, nous pouvons vous donner des recommandations personnalis\u00e9es pour votre apprentissage.<\/p>\n<p>N&rsquo;attends pas! Commencez votre chemin musical avec nous.<\/p>\t\t\t\t\t\t\t\t<\/div>\n\t\t\t\t<\/div>\n\t\t\t\t\t<\/div>\n\t\t<\/div>\n\t\t\t\t\t<\/div>\n\t\t<\/section>\n\t\t\t\t\t<\/div>\n\t\t<\/div>\n\t\t\t\t\t<\/div>\n\t\t<\/section>\n\t\t\t\t<\/div>\n\t\t","protected":false},"excerpt":{"rendered":"<p>Reg\u00edstrate en TuCuatro y comienza a formar parte de la comunidad de Cuatristas m\u00e1s grande del mundo.<\/p>\n","protected":false},"author":2,"featured_media":0,"parent":0,"menu_order":0,"comment_status":"closed","ping_status":"closed","template":"","meta":{"content-type":"","footnotes":""},"class_list":["post-3533","page","type-page","status-publish","hentry"],"yoast_head":"<!-- This site is optimized with the Yoast SEO plugin v27.2 - https:\/\/yoast.com\/product\/yoast-seo-wordpress\/ -->\n<title>Registra tu cuenta - TuCuatro - Apprendre<\/title>\n<meta name=\"description\" content=\"Reg\u00edstrate en TuCuatro y comienza a formar parte de la comunidad de Cuatristas m\u00e1s grande del mundo.\" \/>\n<meta name=\"robots\" content=\"index, follow, max-snippet:-1, max-image-preview:large, max-video-preview:-1\" \/>\n<link rel=\"canonical\" href=\"https:\/\/tucuatro.com\/apprendre\/register\/\" \/>\n<meta property=\"og:locale\" content=\"fr_FR\" \/>\n<meta property=\"og:type\" content=\"article\" \/>\n<meta property=\"og:title\" content=\"Registra tu cuenta - TuCuatro - Apprendre\" \/>\n<meta property=\"og:description\" content=\"Reg\u00edstrate en TuCuatro y comienza a formar parte de la comunidad de Cuatristas m\u00e1s grande del mundo.\" \/>\n<meta property=\"og:url\" content=\"https:\/\/tucuatro.com\/apprendre\/register\/\" \/>\n<meta property=\"og:site_name\" content=\"TuCuatro - Apprendre\" \/>\n<meta property=\"article:publisher\" content=\"https:\/\/www.facebook.com\/TuCuatroEN\/\" \/>\n<meta property=\"article:modified_time\" content=\"2023-02-17T02:47:57+00:00\" \/>\n<meta property=\"og:image\" content=\"https:\/\/tucuatro.com\/wp-content\/uploads\/sites\/4\/2020\/02\/fretboard_icon_black-64px.png\" \/>\n<meta name=\"twitter:card\" content=\"summary_large_image\" \/>\n<meta name=\"twitter:site\" content=\"@TuCuatroEN\" \/>\n<meta name=\"twitter:label1\" content=\"Dur\u00e9e de lecture estim\u00e9e\" \/>\n\t<meta name=\"twitter:data1\" content=\"1 minute\" \/>\n<script type=\"application\/ld+json\" class=\"yoast-schema-graph\">{\"@context\":\"https:\/\/schema.org\",\"@graph\":[{\"@type\":\"WebPage\",\"@id\":\"https:\/\/tucuatro.com\/apprendre\/register\/\",\"url\":\"https:\/\/tucuatro.com\/apprendre\/register\/\",\"name\":\"Registra tu cuenta - TuCuatro - Apprendre\",\"isPartOf\":{\"@id\":\"https:\/\/tucuatro.com\/apprendre\/#website\"},\"primaryImageOfPage\":{\"@id\":\"https:\/\/tucuatro.com\/apprendre\/register\/#primaryimage\"},\"image\":{\"@id\":\"https:\/\/tucuatro.com\/apprendre\/register\/#primaryimage\"},\"thumbnailUrl\":\"https:\/\/tucuatro.com\/wp-content\/uploads\/sites\/4\/2020\/02\/fretboard_icon_black-64px.png\",\"datePublished\":\"2015-09-13T11:05:53+00:00\",\"dateModified\":\"2023-02-17T02:47:57+00:00\",\"description\":\"Reg\u00edstrate en TuCuatro y comienza a formar parte de la comunidad de Cuatristas m\u00e1s grande del mundo.\",\"breadcrumb\":{\"@id\":\"https:\/\/tucuatro.com\/apprendre\/register\/#breadcrumb\"},\"inLanguage\":\"fr-FR\",\"potentialAction\":[{\"@type\":\"ReadAction\",\"target\":[\"https:\/\/tucuatro.com\/apprendre\/register\/\"]}]},{\"@type\":\"ImageObject\",\"inLanguage\":\"fr-FR\",\"@id\":\"https:\/\/tucuatro.com\/apprendre\/register\/#primaryimage\",\"url\":\"https:\/\/tucuatro.com\/wp-content\/uploads\/sites\/4\/2020\/02\/fretboard_icon_black-64px.png\",\"contentUrl\":\"https:\/\/tucuatro.com\/wp-content\/uploads\/sites\/4\/2020\/02\/fretboard_icon_black-64px.png\"},{\"@type\":\"BreadcrumbList\",\"@id\":\"https:\/\/tucuatro.com\/apprendre\/register\/#breadcrumb\",\"itemListElement\":[{\"@type\":\"ListItem\",\"position\":1,\"name\":\"Accueil\",\"item\":\"https:\/\/tucuatro.com\/apprendre\/\"},{\"@type\":\"ListItem\",\"position\":2,\"name\":\"Registra tu cuenta\"}]},{\"@type\":\"WebSite\",\"@id\":\"https:\/\/tucuatro.com\/apprendre\/#website\",\"url\":\"https:\/\/tucuatro.com\/apprendre\/\",\"name\":\"TuCuatro - Apprendre\",\"description\":\"Learn to play the cuatro. A venezuelan instrument similar to Ukulele\",\"publisher\":{\"@id\":\"https:\/\/tucuatro.com\/apprendre\/#organization\"},\"potentialAction\":[{\"@type\":\"SearchAction\",\"target\":{\"@type\":\"EntryPoint\",\"urlTemplate\":\"https:\/\/tucuatro.com\/apprendre\/?s={search_term_string}\"},\"query-input\":{\"@type\":\"PropertyValueSpecification\",\"valueRequired\":true,\"valueName\":\"search_term_string\"}}],\"inLanguage\":\"fr-FR\"},{\"@type\":\"Organization\",\"@id\":\"https:\/\/tucuatro.com\/apprendre\/#organization\",\"name\":\"TuCuatro\",\"url\":\"https:\/\/tucuatro.com\/apprendre\/\",\"logo\":{\"@type\":\"ImageObject\",\"inLanguage\":\"fr-FR\",\"@id\":\"https:\/\/tucuatro.com\/apprendre\/#\/schema\/logo\/image\/\",\"url\":\"https:\/\/tucuatro.com\/apprendre\/wp-content\/uploads\/sites\/8\/2020\/02\/fretboard_icon_black-64px.png\",\"contentUrl\":\"https:\/\/tucuatro.com\/apprendre\/wp-content\/uploads\/sites\/8\/2020\/02\/fretboard_icon_black-64px.png\",\"width\":64,\"height\":107,\"caption\":\"TuCuatro\"},\"image\":{\"@id\":\"https:\/\/tucuatro.com\/apprendre\/#\/schema\/logo\/image\/\"},\"sameAs\":[\"https:\/\/www.facebook.com\/TuCuatroEN\/\",\"https:\/\/x.com\/TuCuatroEN\"]}]}<\/script>\n<!-- \/ Yoast SEO plugin. -->","yoast_head_json":{"title":"Registra tu cuenta - TuCuatro - Apprendre","description":"Reg\u00edstrate en TuCuatro y comienza a formar parte de la comunidad de Cuatristas m\u00e1s grande del mundo.","robots":{"index":"index","follow":"follow","max-snippet":"max-snippet:-1","max-image-preview":"max-image-preview:large","max-video-preview":"max-video-preview:-1"},"canonical":"https:\/\/tucuatro.com\/apprendre\/register\/","og_locale":"fr_FR","og_type":"article","og_title":"Registra tu cuenta - TuCuatro - Apprendre","og_description":"Reg\u00edstrate en TuCuatro y comienza a formar parte de la comunidad de Cuatristas m\u00e1s grande del mundo.","og_url":"https:\/\/tucuatro.com\/apprendre\/register\/","og_site_name":"TuCuatro - Apprendre","article_publisher":"https:\/\/www.facebook.com\/TuCuatroEN\/","article_modified_time":"2023-02-17T02:47:57+00:00","og_image":[{"url":"https:\/\/tucuatro.com\/wp-content\/uploads\/sites\/4\/2020\/02\/fretboard_icon_black-64px.png","type":"","width":"","height":""}],"twitter_card":"summary_large_image","twitter_site":"@TuCuatroEN","twitter_misc":{"Dur\u00e9e de lecture estim\u00e9e":"1 minute"},"schema":{"@context":"https:\/\/schema.org","@graph":[{"@type":"WebPage","@id":"https:\/\/tucuatro.com\/apprendre\/register\/","url":"https:\/\/tucuatro.com\/apprendre\/register\/","name":"Registra tu cuenta - TuCuatro - Apprendre","isPartOf":{"@id":"https:\/\/tucuatro.com\/apprendre\/#website"},"primaryImageOfPage":{"@id":"https:\/\/tucuatro.com\/apprendre\/register\/#primaryimage"},"image":{"@id":"https:\/\/tucuatro.com\/apprendre\/register\/#primaryimage"},"thumbnailUrl":"https:\/\/tucuatro.com\/wp-content\/uploads\/sites\/4\/2020\/02\/fretboard_icon_black-64px.png","datePublished":"2015-09-13T11:05:53+00:00","dateModified":"2023-02-17T02:47:57+00:00","description":"Reg\u00edstrate en TuCuatro y comienza a formar parte de la comunidad de Cuatristas m\u00e1s grande del mundo.","breadcrumb":{"@id":"https:\/\/tucuatro.com\/apprendre\/register\/#breadcrumb"},"inLanguage":"fr-FR","potentialAction":[{"@type":"ReadAction","target":["https:\/\/tucuatro.com\/apprendre\/register\/"]}]},{"@type":"ImageObject","inLanguage":"fr-FR","@id":"https:\/\/tucuatro.com\/apprendre\/register\/#primaryimage","url":"https:\/\/tucuatro.com\/wp-content\/uploads\/sites\/4\/2020\/02\/fretboard_icon_black-64px.png","contentUrl":"https:\/\/tucuatro.com\/wp-content\/uploads\/sites\/4\/2020\/02\/fretboard_icon_black-64px.png"},{"@type":"BreadcrumbList","@id":"https:\/\/tucuatro.com\/apprendre\/register\/#breadcrumb","itemListElement":[{"@type":"ListItem","position":1,"name":"Accueil","item":"https:\/\/tucuatro.com\/apprendre\/"},{"@type":"ListItem","position":2,"name":"Registra tu cuenta"}]},{"@type":"WebSite","@id":"https:\/\/tucuatro.com\/apprendre\/#website","url":"https:\/\/tucuatro.com\/apprendre\/","name":"TuCuatro - Apprendre","description":"Learn to play the cuatro. A venezuelan instrument similar to Ukulele","publisher":{"@id":"https:\/\/tucuatro.com\/apprendre\/#organization"},"potentialAction":[{"@type":"SearchAction","target":{"@type":"EntryPoint","urlTemplate":"https:\/\/tucuatro.com\/apprendre\/?s={search_term_string}"},"query-input":{"@type":"PropertyValueSpecification","valueRequired":true,"valueName":"search_term_string"}}],"inLanguage":"fr-FR"},{"@type":"Organization","@id":"https:\/\/tucuatro.com\/apprendre\/#organization","name":"TuCuatro","url":"https:\/\/tucuatro.com\/apprendre\/","logo":{"@type":"ImageObject","inLanguage":"fr-FR","@id":"https:\/\/tucuatro.com\/apprendre\/#\/schema\/logo\/image\/","url":"https:\/\/tucuatro.com\/apprendre\/wp-content\/uploads\/sites\/8\/2020\/02\/fretboard_icon_black-64px.png","contentUrl":"https:\/\/tucuatro.com\/apprendre\/wp-content\/uploads\/sites\/8\/2020\/02\/fretboard_icon_black-64px.png","width":64,"height":107,"caption":"TuCuatro"},"image":{"@id":"https:\/\/tucuatro.com\/apprendre\/#\/schema\/logo\/image\/"},"sameAs":["https:\/\/www.facebook.com\/TuCuatroEN\/","https:\/\/x.com\/TuCuatroEN"]}]}},"_links":{"self":[{"href":"https:\/\/tucuatro.com\/apprendre\/wp-json\/wp\/v2\/pages\/3533","targetHints":{"allow":["GET"]}}],"collection":[{"href":"https:\/\/tucuatro.com\/apprendre\/wp-json\/wp\/v2\/pages"}],"about":[{"href":"https:\/\/tucuatro.com\/apprendre\/wp-json\/wp\/v2\/types\/page"}],"author":[{"embeddable":true,"href":"https:\/\/tucuatro.com\/apprendre\/wp-json\/wp\/v2\/users\/2"}],"replies":[{"embeddable":true,"href":"https:\/\/tucuatro.com\/apprendre\/wp-json\/wp\/v2\/comments?post=3533"}],"version-history":[{"count":0,"href":"https:\/\/tucuatro.com\/apprendre\/wp-json\/wp\/v2\/pages\/3533\/revisions"}],"wp:attachment":[{"href":"https:\/\/tucuatro.com\/apprendre\/wp-json\/wp\/v2\/media?parent=3533"}],"curies":[{"name":"wp","href":"https:\/\/api.w.org\/{rel}","templated":true}]}}