{"id":3638,"date":"2011-10-28T02:04:00","date_gmt":"2011-10-28T06:34:00","guid":{"rendered":"https:\/\/tucuatro.com\/camburpinton\/?page_id=3638"},"modified":"2011-10-28T02:04:00","modified_gmt":"2011-10-28T06:34:00","slug":"artistas","status":"publish","type":"page","link":"https:\/\/tucuatro.com\/camburpinton\/artistas\/","title":{"rendered":"Artistas"},"content":{"rendered":"<h2>Cheo Hurtado<\/h2>\n<p>El maestro de los maestros, Cheo Hurtado se ha convertido en la referencia del cuatro solista debido a su gran labor dentro de su agrupaci\u00f3n el Ensamble Gurruf\u00edo y organizando el festival del cuatro solista m\u00e1s grande jam\u00e1s conocido: \u00abLa Siembra del Cuatro\u00bb<\/p>\n<h2>Pollo Brito<\/h2>\n<p>El Pollo Brito es una referencia nacional en cuanto al cuatro venezolano solista. \u00a0Sus diversas y numerosas presentaciones en la televisi\u00f3n nacional y su estilo \u00fanico al tocar el cuatro, le han dado al instrumento un estigma de modernidad y ha elevado el inter\u00e9s por los j\u00f3venes a niveles nunca antes vistos.<\/p>\n<h2>Jorge Glem<\/h2>\n<p>El astronauta del cuatro, Jorge Glem es sin duda alguna el mejor exponente del cuatro venezolano que se ha conocido. \u00a0Sus m\u00faltiples giras por dentro y fuera del pa\u00eds y el asombro de p\u00fablicos diversos, incluyendo extranjeros que no tienen la m\u00e1s m\u00ednima idea de lo que es un cuatro venezolano, lo confirman.<\/p>\n<p>Jorge incluye en su ejecuci\u00f3n elementos que jam\u00e1s hab\u00edan sido utilizados con anterioridad para el cuatro venezolano, como lo son sonidos de percusi\u00f3n de salsa, sonidos de m\u00fasica brasilera, elementos y t\u00e9cnicas que generan asombro en los oyentes.<\/p>\n<h2>Edward Ramirez<\/h2>\n<p>Uno de los cuatristas m\u00e1s reconocidos del pa\u00eds es Edward Ramirez, ha logrado llevar al mundo del cuatro venezolano las t\u00e9cnicas de solista m\u00e1s generalmente utilizadas para la guitarra. \u00a0Su interpretaci\u00f3n es de sonidos limpios, perfectamente sincronizados. \u00a0Sin duda un maestro del cuatro y un ejemplo a seguir para los aprendices del instrumento.<\/p>\n<h2>Luis Pino<\/h2>\n<p>Luis Pino es fiel seguidor de las t\u00e9cnicas originales del gran maestro Cheo Hurtado. Ha llevado con fuerza este estilo durante sus presentaciones y ha logrado darle mayor fortaleza a la m\u00fasica tradicional venezolana. \u00a0Su estilo es firme y su r\u00edtmica impresionante. \u00a0Luis Pino es un artista que integra lo venezolano, lo t\u00ecpico de nuestras tierras, con los sonidos m\u00e1s modernos de las t\u00e9cnicas del cuatro solista.<\/p>\n<h2>Eloy Miranda<\/h2>\n<p>Querido y reconocido por muchos, Eloy Miranda es un modernista del Cuatro Venezolano. \u00a0Ha involucrado al cuatro en escenarios donde n\u00fanca antes se hab\u00eda encontrado, tocando m\u00fasica del mundo entre los cuales se encuentran merengues, salsas, son, tango, por solo mencionar algunos g\u00e9neros musicales. \u00a0Su trabajo como profesor en el Centro de Arte La Estancia es, sin duda, una de los m\u00e1s grandes que se haya jam\u00e1s realizado, ense\u00f1ando a miles de estudiantes del cuatro las t\u00e9cncias del cuatro moderno, desde lo m\u00e1s b\u00e1sico como es el cam bur pin ton, hasta lo m\u00e1s avanzado del cuatro solista.<\/p>\n<h2>Carlos Capacho<\/h2>\n<p>Una sorpresa generacional, Carlos Capacho se ha convertido r\u00e1pidamente en referencia del cuatro rampante, extraordinario y rebelde. \u00a0El sonido del cuatro en sus manos llega a tomar velocidades jam\u00e1s antes escuchadas y su estilo est\u00e1 impregnado del m\u00e1s esquixito sonido del jazz, bossanova, swing y m\u00fasica de los m\u00e1s diversos g\u00e9neros.<\/p>\n<p>En sus manos el cuatro venezolano ha logrado integrarse con instrumentos que antes se consideraban como enemigos, como lo son la bater\u00eda y la guitarra el\u00e9ctrica. \u00a0Un trabajo que sin duda siembra camino para nuevas generaciones que se interesen en explotar los recursos del cuatro dentro de la m\u00fasica del mundo.<\/p>\n","protected":false},"excerpt":{"rendered":"<p>Cheo Hurtado El maestro de los maestros, Cheo Hurtado se ha convertido en la referencia del cuatro solista debido a su gran labor dentro de su agrupaci\u00f3n el Ensamble Gurruf\u00edo y organizando el festival del cuatro solista m\u00e1s grande jam\u00e1s conocido: \u00abLa Siembra del Cuatro\u00bb Pollo Brito El Pollo Brito es una referencia nacional en [&hellip;]<\/p>\n","protected":false},"author":30,"featured_media":0,"parent":0,"menu_order":0,"comment_status":"open","ping_status":"open","template":"","meta":{"content-type":"","footnotes":""},"class_list":["post-3638","page","type-page","status-publish","hentry"],"yoast_head":"<!-- This site is optimized with the Yoast SEO plugin v27.2 - https:\/\/yoast.com\/product\/yoast-seo-wordpress\/ -->\n<title>Los Artistas del Cuatro<\/title>\n<meta name=\"description\" content=\"El Cuatro Venezolano vive sus mejores momentos. Entra y aprende quienes son los artistas que revolucionan la m\u00fasica venezolana y el sonido del instrumento.\" \/>\n<meta name=\"robots\" content=\"index, follow, max-snippet:-1, max-image-preview:large, max-video-preview:-1\" \/>\n<link rel=\"canonical\" href=\"https:\/\/tucuatro.com\/camburpinton\/artistas\/\" \/>\n<meta property=\"og:locale\" content=\"es_ES\" \/>\n<meta property=\"og:type\" content=\"article\" \/>\n<meta property=\"og:title\" content=\"Los Artistas del Cuatro\" \/>\n<meta property=\"og:description\" content=\"El Cuatro Venezolano vive sus mejores momentos. Entra y aprende quienes son los artistas que revolucionan la m\u00fasica venezolana y el sonido del instrumento.\" \/>\n<meta property=\"og:url\" content=\"https:\/\/tucuatro.com\/camburpinton\/artistas\/\" \/>\n<meta property=\"og:site_name\" content=\"CamburPinton\" \/>\n<meta name=\"twitter:card\" content=\"summary_large_image\" \/>\n<meta name=\"twitter:label1\" content=\"Tiempo de lectura\" \/>\n\t<meta name=\"twitter:data1\" content=\"3 minutos\" \/>\n<script type=\"application\/ld+json\" class=\"yoast-schema-graph\">{\"@context\":\"https:\/\/schema.org\",\"@graph\":[{\"@type\":\"WebPage\",\"@id\":\"https:\/\/tucuatro.com\/camburpinton\/artistas\/\",\"url\":\"https:\/\/tucuatro.com\/camburpinton\/artistas\/\",\"name\":\"Los Artistas del Cuatro\",\"isPartOf\":{\"@id\":\"https:\/\/tucuatro.com\/camburpinton\/#website\"},\"datePublished\":\"2011-10-28T06:34:00+00:00\",\"description\":\"El Cuatro Venezolano vive sus mejores momentos. Entra y aprende quienes son los artistas que revolucionan la m\u00fasica venezolana y el sonido del instrumento.\",\"breadcrumb\":{\"@id\":\"https:\/\/tucuatro.com\/camburpinton\/artistas\/#breadcrumb\"},\"inLanguage\":\"es\",\"potentialAction\":[{\"@type\":\"ReadAction\",\"target\":[\"https:\/\/tucuatro.com\/camburpinton\/artistas\/\"]}]},{\"@type\":\"BreadcrumbList\",\"@id\":\"https:\/\/tucuatro.com\/camburpinton\/artistas\/#breadcrumb\",\"itemListElement\":[{\"@type\":\"ListItem\",\"position\":1,\"name\":\"Portada\",\"item\":\"https:\/\/tucuatro.com\/camburpinton\/\"},{\"@type\":\"ListItem\",\"position\":2,\"name\":\"Artistas\"}]},{\"@type\":\"WebSite\",\"@id\":\"https:\/\/tucuatro.com\/camburpinton\/#website\",\"url\":\"https:\/\/tucuatro.com\/camburpinton\/\",\"name\":\"CamburPinton\",\"description\":\"El blog del Cuatro Venezolano, por TuCuatro\",\"publisher\":{\"@id\":\"https:\/\/tucuatro.com\/camburpinton\/#organization\"},\"potentialAction\":[{\"@type\":\"SearchAction\",\"target\":{\"@type\":\"EntryPoint\",\"urlTemplate\":\"https:\/\/tucuatro.com\/camburpinton\/?s={search_term_string}\"},\"query-input\":{\"@type\":\"PropertyValueSpecification\",\"valueRequired\":true,\"valueName\":\"search_term_string\"}}],\"inLanguage\":\"es\"},{\"@type\":\"Organization\",\"@id\":\"https:\/\/tucuatro.com\/camburpinton\/#organization\",\"name\":\"CamburPinton\",\"url\":\"https:\/\/tucuatro.com\/camburpinton\/\",\"logo\":{\"@type\":\"ImageObject\",\"inLanguage\":\"es\",\"@id\":\"https:\/\/tucuatro.com\/camburpinton\/#\/schema\/logo\/image\/\",\"url\":\"https:\/\/tucuatro.com\/camburpinton\/wp-content\/uploads\/sites\/5\/2020\/02\/fretboard_icon_black-64px.png\",\"contentUrl\":\"https:\/\/tucuatro.com\/camburpinton\/wp-content\/uploads\/sites\/5\/2020\/02\/fretboard_icon_black-64px.png\",\"width\":64,\"height\":107,\"caption\":\"CamburPinton\"},\"image\":{\"@id\":\"https:\/\/tucuatro.com\/camburpinton\/#\/schema\/logo\/image\/\"}}]}<\/script>\n<!-- \/ Yoast SEO plugin. -->","yoast_head_json":{"title":"Los Artistas del Cuatro","description":"El Cuatro Venezolano vive sus mejores momentos. Entra y aprende quienes son los artistas que revolucionan la m\u00fasica venezolana y el sonido del instrumento.","robots":{"index":"index","follow":"follow","max-snippet":"max-snippet:-1","max-image-preview":"max-image-preview:large","max-video-preview":"max-video-preview:-1"},"canonical":"https:\/\/tucuatro.com\/camburpinton\/artistas\/","og_locale":"es_ES","og_type":"article","og_title":"Los Artistas del Cuatro","og_description":"El Cuatro Venezolano vive sus mejores momentos. Entra y aprende quienes son los artistas que revolucionan la m\u00fasica venezolana y el sonido del instrumento.","og_url":"https:\/\/tucuatro.com\/camburpinton\/artistas\/","og_site_name":"CamburPinton","twitter_card":"summary_large_image","twitter_misc":{"Tiempo de lectura":"3 minutos"},"schema":{"@context":"https:\/\/schema.org","@graph":[{"@type":"WebPage","@id":"https:\/\/tucuatro.com\/camburpinton\/artistas\/","url":"https:\/\/tucuatro.com\/camburpinton\/artistas\/","name":"Los Artistas del Cuatro","isPartOf":{"@id":"https:\/\/tucuatro.com\/camburpinton\/#website"},"datePublished":"2011-10-28T06:34:00+00:00","description":"El Cuatro Venezolano vive sus mejores momentos. Entra y aprende quienes son los artistas que revolucionan la m\u00fasica venezolana y el sonido del instrumento.","breadcrumb":{"@id":"https:\/\/tucuatro.com\/camburpinton\/artistas\/#breadcrumb"},"inLanguage":"es","potentialAction":[{"@type":"ReadAction","target":["https:\/\/tucuatro.com\/camburpinton\/artistas\/"]}]},{"@type":"BreadcrumbList","@id":"https:\/\/tucuatro.com\/camburpinton\/artistas\/#breadcrumb","itemListElement":[{"@type":"ListItem","position":1,"name":"Portada","item":"https:\/\/tucuatro.com\/camburpinton\/"},{"@type":"ListItem","position":2,"name":"Artistas"}]},{"@type":"WebSite","@id":"https:\/\/tucuatro.com\/camburpinton\/#website","url":"https:\/\/tucuatro.com\/camburpinton\/","name":"CamburPinton","description":"El blog del Cuatro Venezolano, por TuCuatro","publisher":{"@id":"https:\/\/tucuatro.com\/camburpinton\/#organization"},"potentialAction":[{"@type":"SearchAction","target":{"@type":"EntryPoint","urlTemplate":"https:\/\/tucuatro.com\/camburpinton\/?s={search_term_string}"},"query-input":{"@type":"PropertyValueSpecification","valueRequired":true,"valueName":"search_term_string"}}],"inLanguage":"es"},{"@type":"Organization","@id":"https:\/\/tucuatro.com\/camburpinton\/#organization","name":"CamburPinton","url":"https:\/\/tucuatro.com\/camburpinton\/","logo":{"@type":"ImageObject","inLanguage":"es","@id":"https:\/\/tucuatro.com\/camburpinton\/#\/schema\/logo\/image\/","url":"https:\/\/tucuatro.com\/camburpinton\/wp-content\/uploads\/sites\/5\/2020\/02\/fretboard_icon_black-64px.png","contentUrl":"https:\/\/tucuatro.com\/camburpinton\/wp-content\/uploads\/sites\/5\/2020\/02\/fretboard_icon_black-64px.png","width":64,"height":107,"caption":"CamburPinton"},"image":{"@id":"https:\/\/tucuatro.com\/camburpinton\/#\/schema\/logo\/image\/"}}]}},"_links":{"self":[{"href":"https:\/\/tucuatro.com\/camburpinton\/wp-json\/wp\/v2\/pages\/3638","targetHints":{"allow":["GET"]}}],"collection":[{"href":"https:\/\/tucuatro.com\/camburpinton\/wp-json\/wp\/v2\/pages"}],"about":[{"href":"https:\/\/tucuatro.com\/camburpinton\/wp-json\/wp\/v2\/types\/page"}],"author":[{"embeddable":true,"href":"https:\/\/tucuatro.com\/camburpinton\/wp-json\/wp\/v2\/users\/30"}],"replies":[{"embeddable":true,"href":"https:\/\/tucuatro.com\/camburpinton\/wp-json\/wp\/v2\/comments?post=3638"}],"version-history":[{"count":0,"href":"https:\/\/tucuatro.com\/camburpinton\/wp-json\/wp\/v2\/pages\/3638\/revisions"}],"wp:attachment":[{"href":"https:\/\/tucuatro.com\/camburpinton\/wp-json\/wp\/v2\/media?parent=3638"}],"curies":[{"name":"wp","href":"https:\/\/api.w.org\/{rel}","templated":true}]}}