{"id":6031,"date":"2015-12-03T10:55:30","date_gmt":"2015-12-03T15:25:30","guid":{"rendered":"https:\/\/tucuatro.com\/es\/?post_type=cancion&#038;p=6031"},"modified":"2021-09-27T17:42:26","modified_gmt":"2021-09-27T21:42:26","slug":"falcon","status":"publish","type":"cancion","link":"https:\/\/tucuatro.com\/es\/cancion\/falcon\/","title":{"rendered":"Canto a Falcon"},"content":{"rendered":"<p>C# G# D#7 G# C# G# D#7 G#<\/p>\n<p>VERSO:<br \/>\nG#                        A#7<br \/>\nA mi tierra querida yo le canto<br \/>\n    D#7                         G#<br \/>\ncon todo el sentimiento esta canci\u00f3n<br \/>\n                             A#7<br \/>\nquiero expresar al mundo los encantos<br \/>\n    D#7                     G#<br \/>\nque adornan mi lind\u00edsima regi\u00f3n.<\/p>\n<p>(bis)<\/p>\n<p>CORO:<br \/>\nG#7<\/p>\n<p>C#             F   G#7<br \/>\nMonumentales medanales,<br \/>\n      D#7              G#<br \/>\nhacen marco al anchuroso mar.<br \/>\nC#             F   G#7<br \/>\nSutiles, verdes cardonales<br \/>\n      D#7            G#<br \/>\narmonioso el paisaje ideal.<\/p>\n<p>G# A#7 D#7<br \/>\nG# A#7 D#7 <\/p>\n<p>VERSO:<br \/>\nMujeres de incomparable hermosura<br \/>\nembrujan con su m\u00e1gico mirar<br \/>\nsubyugan a la mar con su ternura<br \/>\ncautivan con su gracia al caminar.<\/p>\n<p>CORO:<br \/>\nLinda y generosa es mi tierra<br \/>\nun pedazo del cielo de Falc\u00f3n<br \/>\nes noble, valiente y sincera<br \/>\nla cuna de la Federaci\u00f3n.                                     <\/p>\n","protected":false},"excerpt":{"rendered":"<p>C# G# D#7 G# C# G# D#7 G# VERSO: G# A#7 A mi tierra querida yo le canto D#7 G# con todo el sentimiento esta canci\u00f3n A#7 quiero expresar al mundo los encantos D#7 G# que adornan mi lind\u00edsima regi\u00f3n. (bis) CORO: G#7 C# F G#7 Monumentales medanales, D#7 G# hacen marco al anchuroso mar. [&hellip;]<\/p>\n","protected":false},"author":1,"featured_media":27767,"parent":0,"comment_status":"open","ping_status":"closed","template":"","song-composer":[],"song-performer":[],"song-genre":[156],"song-level":[132],"song-instrument":[],"song-country":[161],"song-songbook":[],"class_list":["post-6031","cancion","type-cancion","status-publish","has-post-thumbnail","hentry","song-genre-tradicional","song-level-intermedio","song-country-venezuela"],"_tucuatro_song_artist":"Tino Rodr\u00edguez","_tucuatro_song_info":[],"_featured_video":"https:\/\/www.youtube.com\/watch?v=gzNeKOxRKms","yoast_head":"<!-- This site is optimized with the Yoast SEO plugin v27.2 - https:\/\/yoast.com\/product\/yoast-seo-wordpress\/ -->\n<title>Canto a Falcon - Letras y Acordes de la Canci\u00f3n - TuCuatro - El Cuatro Venezolano<\/title>\n<meta name=\"description\" content=\"C# G# D#7 G# C# G# D#7 G# VERSO: G# A#7 A mi tierra querida yo le canto D#7 G# con todo el sentimiento esta canci\u00f3n A#7 quiero expresar al mundo los\" \/>\n<meta name=\"robots\" content=\"index, follow, max-snippet:-1, max-image-preview:large, max-video-preview:-1\" \/>\n<link rel=\"canonical\" href=\"https:\/\/tucuatro.com\/es\/cancion\/falcon\/\" \/>\n<meta property=\"og:locale\" content=\"es_ES\" \/>\n<meta property=\"og:type\" content=\"article\" \/>\n<meta property=\"og:title\" content=\"Canto a Falcon - Letras y Acordes de la Canci\u00f3n - TuCuatro - El Cuatro Venezolano\" \/>\n<meta property=\"og:description\" content=\"C# G# D#7 G# C# G# D#7 G# VERSO: G# A#7 A mi tierra querida yo le canto D#7 G# con todo el sentimiento esta canci\u00f3n A#7 quiero expresar al mundo los\" \/>\n<meta property=\"og:url\" content=\"https:\/\/tucuatro.com\/es\/cancion\/falcon\/\" \/>\n<meta property=\"og:site_name\" content=\"TuCuatro - El Cuatro Venezolano\" \/>\n<meta property=\"article:publisher\" content=\"https:\/\/facebook.com\/tucuatrodigital\" \/>\n<meta property=\"article:modified_time\" content=\"2021-09-27T21:42:26+00:00\" \/>\n<meta property=\"og:image\" content=\"https:\/\/tucuatro.com\/es\/wp-content\/uploads\/sites\/3\/2015\/12\/mqdefault-8.jpg\" \/>\n\t<meta property=\"og:image:width\" content=\"320\" \/>\n\t<meta property=\"og:image:height\" content=\"180\" \/>\n\t<meta property=\"og:image:type\" content=\"image\/jpeg\" \/>\n<meta name=\"twitter:card\" content=\"summary_large_image\" \/>\n<meta name=\"twitter:site\" content=\"@tucuatro\" \/>\n<meta name=\"twitter:label1\" content=\"Tiempo de lectura\" \/>\n\t<meta name=\"twitter:data1\" content=\"1 minuto\" \/>\n<script type=\"application\/ld+json\" class=\"yoast-schema-graph\">{\"@context\":\"https:\/\/schema.org\",\"@graph\":[{\"@type\":\"WebPage\",\"@id\":\"https:\/\/tucuatro.com\/es\/cancion\/falcon\/\",\"url\":\"https:\/\/tucuatro.com\/es\/cancion\/falcon\/\",\"name\":\"Canto a Falcon - Letras y Acordes de la Canci\u00f3n - TuCuatro - El Cuatro Venezolano\",\"isPartOf\":{\"@id\":\"https:\/\/tucuatro.com\/es\/#website\"},\"primaryImageOfPage\":{\"@id\":\"https:\/\/tucuatro.com\/es\/cancion\/falcon\/#primaryimage\"},\"image\":{\"@id\":\"https:\/\/tucuatro.com\/es\/cancion\/falcon\/#primaryimage\"},\"thumbnailUrl\":\"https:\/\/tucuatro.com\/es\/wp-content\/uploads\/sites\/3\/2015\/12\/mqdefault-8.jpg\",\"datePublished\":\"2015-12-03T15:25:30+00:00\",\"dateModified\":\"2021-09-27T21:42:26+00:00\",\"description\":\"C# G# D#7 G# C# G# D#7 G# VERSO: G# A#7 A mi tierra querida yo le canto D#7 G# con todo el sentimiento esta canci\u00f3n A#7 quiero expresar al mundo los\",\"breadcrumb\":{\"@id\":\"https:\/\/tucuatro.com\/es\/cancion\/falcon\/#breadcrumb\"},\"inLanguage\":\"es\",\"potentialAction\":[{\"@type\":\"ReadAction\",\"target\":[\"https:\/\/tucuatro.com\/es\/cancion\/falcon\/\"]}]},{\"@type\":\"ImageObject\",\"inLanguage\":\"es\",\"@id\":\"https:\/\/tucuatro.com\/es\/cancion\/falcon\/#primaryimage\",\"url\":\"https:\/\/tucuatro.com\/es\/wp-content\/uploads\/sites\/3\/2015\/12\/mqdefault-8.jpg\",\"contentUrl\":\"https:\/\/tucuatro.com\/es\/wp-content\/uploads\/sites\/3\/2015\/12\/mqdefault-8.jpg\",\"width\":320,\"height\":180},{\"@type\":\"BreadcrumbList\",\"@id\":\"https:\/\/tucuatro.com\/es\/cancion\/falcon\/#breadcrumb\",\"itemListElement\":[{\"@type\":\"ListItem\",\"position\":1,\"name\":\"Portada\",\"item\":\"https:\/\/tucuatro.com\/es\/\"},{\"@type\":\"ListItem\",\"position\":2,\"name\":\"Canciones\",\"item\":\"https:\/\/tucuatro.com\/es\/cancion\/\"},{\"@type\":\"ListItem\",\"position\":3,\"name\":\"Canto a Falcon\"}]},{\"@type\":\"WebSite\",\"@id\":\"https:\/\/tucuatro.com\/es\/#website\",\"url\":\"https:\/\/tucuatro.com\/es\/\",\"name\":\"TuCuatro\",\"description\":\"TuCuatro\",\"publisher\":{\"@id\":\"https:\/\/tucuatro.com\/es\/#organization\"},\"potentialAction\":[{\"@type\":\"SearchAction\",\"target\":{\"@type\":\"EntryPoint\",\"urlTemplate\":\"https:\/\/tucuatro.com\/es\/?s={search_term_string}\"},\"query-input\":{\"@type\":\"PropertyValueSpecification\",\"valueRequired\":true,\"valueName\":\"search_term_string\"}}],\"inLanguage\":\"es\"},{\"@type\":\"Organization\",\"@id\":\"https:\/\/tucuatro.com\/es\/#organization\",\"name\":\"TuCuatro\",\"url\":\"https:\/\/tucuatro.com\/es\/\",\"logo\":{\"@type\":\"ImageObject\",\"inLanguage\":\"es\",\"@id\":\"https:\/\/tucuatro.com\/es\/#\/schema\/logo\/image\/\",\"url\":\"https:\/\/tucuatro.com\/es\/wp-content\/uploads\/sites\/3\/2020\/02\/fretboard_icon_black-64px.png\",\"contentUrl\":\"https:\/\/tucuatro.com\/es\/wp-content\/uploads\/sites\/3\/2020\/02\/fretboard_icon_black-64px.png\",\"width\":64,\"height\":107,\"caption\":\"TuCuatro\"},\"image\":{\"@id\":\"https:\/\/tucuatro.com\/es\/#\/schema\/logo\/image\/\"},\"sameAs\":[\"https:\/\/facebook.com\/tucuatrodigital\",\"https:\/\/x.com\/tucuatro\"]}]}<\/script>\n<!-- \/ Yoast SEO plugin. -->","yoast_head_json":{"title":"Canto a Falcon - Letras y Acordes de la Canci\u00f3n - TuCuatro - El Cuatro Venezolano","description":"C# G# D#7 G# C# G# D#7 G# VERSO: G# A#7 A mi tierra querida yo le canto D#7 G# con todo el sentimiento esta canci\u00f3n A#7 quiero expresar al mundo los","robots":{"index":"index","follow":"follow","max-snippet":"max-snippet:-1","max-image-preview":"max-image-preview:large","max-video-preview":"max-video-preview:-1"},"canonical":"https:\/\/tucuatro.com\/es\/cancion\/falcon\/","og_locale":"es_ES","og_type":"article","og_title":"Canto a Falcon - Letras y Acordes de la Canci\u00f3n - TuCuatro - El Cuatro Venezolano","og_description":"C# G# D#7 G# C# G# D#7 G# VERSO: G# A#7 A mi tierra querida yo le canto D#7 G# con todo el sentimiento esta canci\u00f3n A#7 quiero expresar al mundo los","og_url":"https:\/\/tucuatro.com\/es\/cancion\/falcon\/","og_site_name":"TuCuatro - El Cuatro Venezolano","article_publisher":"https:\/\/facebook.com\/tucuatrodigital","article_modified_time":"2021-09-27T21:42:26+00:00","og_image":[{"width":320,"height":180,"url":"https:\/\/tucuatro.com\/es\/wp-content\/uploads\/sites\/3\/2015\/12\/mqdefault-8.jpg","type":"image\/jpeg"}],"twitter_card":"summary_large_image","twitter_site":"@tucuatro","twitter_misc":{"Tiempo de lectura":"1 minuto"},"schema":{"@context":"https:\/\/schema.org","@graph":[{"@type":"WebPage","@id":"https:\/\/tucuatro.com\/es\/cancion\/falcon\/","url":"https:\/\/tucuatro.com\/es\/cancion\/falcon\/","name":"Canto a Falcon - Letras y Acordes de la Canci\u00f3n - TuCuatro - El Cuatro Venezolano","isPartOf":{"@id":"https:\/\/tucuatro.com\/es\/#website"},"primaryImageOfPage":{"@id":"https:\/\/tucuatro.com\/es\/cancion\/falcon\/#primaryimage"},"image":{"@id":"https:\/\/tucuatro.com\/es\/cancion\/falcon\/#primaryimage"},"thumbnailUrl":"https:\/\/tucuatro.com\/es\/wp-content\/uploads\/sites\/3\/2015\/12\/mqdefault-8.jpg","datePublished":"2015-12-03T15:25:30+00:00","dateModified":"2021-09-27T21:42:26+00:00","description":"C# G# D#7 G# C# G# D#7 G# VERSO: G# A#7 A mi tierra querida yo le canto D#7 G# con todo el sentimiento esta canci\u00f3n A#7 quiero expresar al mundo los","breadcrumb":{"@id":"https:\/\/tucuatro.com\/es\/cancion\/falcon\/#breadcrumb"},"inLanguage":"es","potentialAction":[{"@type":"ReadAction","target":["https:\/\/tucuatro.com\/es\/cancion\/falcon\/"]}]},{"@type":"ImageObject","inLanguage":"es","@id":"https:\/\/tucuatro.com\/es\/cancion\/falcon\/#primaryimage","url":"https:\/\/tucuatro.com\/es\/wp-content\/uploads\/sites\/3\/2015\/12\/mqdefault-8.jpg","contentUrl":"https:\/\/tucuatro.com\/es\/wp-content\/uploads\/sites\/3\/2015\/12\/mqdefault-8.jpg","width":320,"height":180},{"@type":"BreadcrumbList","@id":"https:\/\/tucuatro.com\/es\/cancion\/falcon\/#breadcrumb","itemListElement":[{"@type":"ListItem","position":1,"name":"Portada","item":"https:\/\/tucuatro.com\/es\/"},{"@type":"ListItem","position":2,"name":"Canciones","item":"https:\/\/tucuatro.com\/es\/cancion\/"},{"@type":"ListItem","position":3,"name":"Canto a Falcon"}]},{"@type":"WebSite","@id":"https:\/\/tucuatro.com\/es\/#website","url":"https:\/\/tucuatro.com\/es\/","name":"TuCuatro","description":"TuCuatro","publisher":{"@id":"https:\/\/tucuatro.com\/es\/#organization"},"potentialAction":[{"@type":"SearchAction","target":{"@type":"EntryPoint","urlTemplate":"https:\/\/tucuatro.com\/es\/?s={search_term_string}"},"query-input":{"@type":"PropertyValueSpecification","valueRequired":true,"valueName":"search_term_string"}}],"inLanguage":"es"},{"@type":"Organization","@id":"https:\/\/tucuatro.com\/es\/#organization","name":"TuCuatro","url":"https:\/\/tucuatro.com\/es\/","logo":{"@type":"ImageObject","inLanguage":"es","@id":"https:\/\/tucuatro.com\/es\/#\/schema\/logo\/image\/","url":"https:\/\/tucuatro.com\/es\/wp-content\/uploads\/sites\/3\/2020\/02\/fretboard_icon_black-64px.png","contentUrl":"https:\/\/tucuatro.com\/es\/wp-content\/uploads\/sites\/3\/2020\/02\/fretboard_icon_black-64px.png","width":64,"height":107,"caption":"TuCuatro"},"image":{"@id":"https:\/\/tucuatro.com\/es\/#\/schema\/logo\/image\/"},"sameAs":["https:\/\/facebook.com\/tucuatrodigital","https:\/\/x.com\/tucuatro"]}]}},"_links":{"self":[{"href":"https:\/\/tucuatro.com\/es\/wp-json\/wp\/v2\/cancion\/6031","targetHints":{"allow":["GET"]}}],"collection":[{"href":"https:\/\/tucuatro.com\/es\/wp-json\/wp\/v2\/cancion"}],"about":[{"href":"https:\/\/tucuatro.com\/es\/wp-json\/wp\/v2\/types\/cancion"}],"author":[{"embeddable":true,"href":"https:\/\/tucuatro.com\/es\/wp-json\/wp\/v2\/users\/1"}],"replies":[{"embeddable":true,"href":"https:\/\/tucuatro.com\/es\/wp-json\/wp\/v2\/comments?post=6031"}],"version-history":[{"count":0,"href":"https:\/\/tucuatro.com\/es\/wp-json\/wp\/v2\/cancion\/6031\/revisions"}],"wp:featuredmedia":[{"embeddable":true,"href":"https:\/\/tucuatro.com\/es\/wp-json\/wp\/v2\/media\/27767"}],"wp:attachment":[{"href":"https:\/\/tucuatro.com\/es\/wp-json\/wp\/v2\/media?parent=6031"}],"wp:term":[{"taxonomy":"song-composer","embeddable":true,"href":"https:\/\/tucuatro.com\/es\/wp-json\/wp\/v2\/song-composer?post=6031"},{"taxonomy":"song-performer","embeddable":true,"href":"https:\/\/tucuatro.com\/es\/wp-json\/wp\/v2\/song-performer?post=6031"},{"taxonomy":"song-genre","embeddable":true,"href":"https:\/\/tucuatro.com\/es\/wp-json\/wp\/v2\/song-genre?post=6031"},{"taxonomy":"song-level","embeddable":true,"href":"https:\/\/tucuatro.com\/es\/wp-json\/wp\/v2\/song-level?post=6031"},{"taxonomy":"song-instrument","embeddable":true,"href":"https:\/\/tucuatro.com\/es\/wp-json\/wp\/v2\/song-instrument?post=6031"},{"taxonomy":"song-country","embeddable":true,"href":"https:\/\/tucuatro.com\/es\/wp-json\/wp\/v2\/song-country?post=6031"},{"taxonomy":"song-songbook","embeddable":true,"href":"https:\/\/tucuatro.com\/es\/wp-json\/wp\/v2\/song-songbook?post=6031"}],"curies":[{"name":"wp","href":"https:\/\/api.w.org\/{rel}","templated":true}]}}

<p>C# G# D#7 G# C# G# D#7 G#</p>
<p>VERSO:<br />
G#                        A#7<br />
A mi tierra querida yo le canto<br />
    D#7                         G#<br />
con todo el sentimiento esta canción<br />
                             A#7<br />
quiero expresar al mundo los encantos<br />
    D#7                     G#<br />
que adornan mi lindísima región.</p>
<p>(bis)</p>
<p>CORO:<br />
G#7</p>
<p>C#             F   G#7<br />
Monumentales medanales,<br />
      D#7              G#<br />
hacen marco al anchuroso mar.<br />
C#             F   G#7<br />
Sutiles, verdes cardonales<br />
      D#7            G#<br />
armonioso el paisaje ideal.</p>
<p>G# A#7 D#7<br />
G# A#7 D#7 </p>
<p>VERSO:<br />
Mujeres de incomparable hermosura<br />
embrujan con su mágico mirar<br />
subyugan a la mar con su ternura<br />
cautivan con su gracia al caminar.</p>
<p>CORO:<br />
Linda y generosa es mi tierra<br />
un pedazo del cielo de Falcón<br />
es noble, valiente y sincera<br />
la cuna de la Federación.                                     </p>

<p>C# G# D#7 G# C# G# D#7 G# VERSO: G# A#7 A mi tierra querida yo le canto D#7 G# con todo el sentimiento esta canción A#7 quiero expresar al mundo los encantos D#7 G# que adornan mi lindísima región. (bis) CORO: G#7 C# F G#7 Monumentales medanales, D#7 G# hacen marco al anchuroso mar. [&hellip;]</p>

Tino Rodríguez

<!-- This site is optimized with the Yoast SEO plugin v27.2 - https://yoast.com/product/yoast-seo-wordpress/ -->
<title>Canto a Falcon - Letras y Acordes de la Canción - TuCuatro - El Cuatro Venezolano</title>
<meta name="description" content="C# G# D#7 G# C# G# D#7 G# VERSO: G# A#7 A mi tierra querida yo le canto D#7 G# con todo el sentimiento esta canción A#7 quiero expresar al mundo los" />
<meta name="robots" content="index, follow, max-snippet:-1, max-image-preview:large, max-video-preview:-1" />
<link rel="canonical" href="https://tucuatro.com/es/cancion/falcon/" />
<meta property="og:locale" content="es_ES" />
<meta property="og:type" content="article" />
<meta property="og:title" content="Canto a Falcon - Letras y Acordes de la Canción - TuCuatro - El Cuatro Venezolano" />
<meta property="og:description" content="C# G# D#7 G# C# G# D#7 G# VERSO: G# A#7 A mi tierra querida yo le canto D#7 G# con todo el sentimiento esta canción A#7 quiero expresar al mundo los" />
<meta property="og:url" content="https://tucuatro.com/es/cancion/falcon/" />
<meta property="og:site_name" content="TuCuatro - El Cuatro Venezolano" />
<meta property="article:publisher" content="https://facebook.com/tucuatrodigital" />
<meta property="article:modified_time" content="2021-09-27T21:42:26+00:00" />
<meta property="og:image" content="https://tucuatro.com/es/wp-content/uploads/sites/3/2015/12/mqdefault-8.jpg" />
	<meta property="og:image:width" content="320" />
	<meta property="og:image:height" content="180" />
	<meta property="og:image:type" content="image/jpeg" />
<meta name="twitter:card" content="summary_large_image" />
<meta name="twitter:site" content="@tucuatro" />
<meta name="twitter:label1" content="Tiempo de lectura" />
	<meta name="twitter:data1" content="1 minuto" />
<script type="application/ld+json" class="yoast-schema-graph">{"@context":"https://schema.org","@graph":[{"@type":"WebPage","@id":"https://tucuatro.com/es/cancion/falcon/","url":"https://tucuatro.com/es/cancion/falcon/","name":"Canto a Falcon - Letras y Acordes de la Canción - TuCuatro - El Cuatro Venezolano","isPartOf":{"@id":"https://tucuatro.com/es/#website"},"primaryImageOfPage":{"@id":"https://tucuatro.com/es/cancion/falcon/#primaryimage"},"image":{"@id":"https://tucuatro.com/es/cancion/falcon/#primaryimage"},"thumbnailUrl":"https://tucuatro.com/es/wp-content/uploads/sites/3/2015/12/mqdefault-8.jpg","datePublished":"2015-12-03T15:25:30+00:00","dateModified":"2021-09-27T21:42:26+00:00","description":"C# G# D#7 G# C# G# D#7 G# VERSO: G# A#7 A mi tierra querida yo le canto D#7 G# con todo el sentimiento esta canción A#7 quiero expresar al mundo los","breadcrumb":{"@id":"https://tucuatro.com/es/cancion/falcon/#breadcrumb"},"inLanguage":"es","potentialAction":[{"@type":"ReadAction","target":["https://tucuatro.com/es/cancion/falcon/"]}]},{"@type":"ImageObject","inLanguage":"es","@id":"https://tucuatro.com/es/cancion/falcon/#primaryimage","url":"https://tucuatro.com/es/wp-content/uploads/sites/3/2015/12/mqdefault-8.jpg","contentUrl":"https://tucuatro.com/es/wp-content/uploads/sites/3/2015/12/mqdefault-8.jpg","width":320,"height":180},{"@type":"BreadcrumbList","@id":"https://tucuatro.com/es/cancion/falcon/#breadcrumb","itemListElement":[{"@type":"ListItem","position":1,"name":"Portada","item":"https://tucuatro.com/es/"},{"@type":"ListItem","position":2,"name":"Canciones","item":"https://tucuatro.com/es/cancion/"},{"@type":"ListItem","position":3,"name":"Canto a Falcon"}]},{"@type":"WebSite","@id":"https://tucuatro.com/es/#website","url":"https://tucuatro.com/es/","name":"TuCuatro","description":"TuCuatro","publisher":{"@id":"https://tucuatro.com/es/#organization"},"potentialAction":[{"@type":"SearchAction","target":{"@type":"EntryPoint","urlTemplate":"https://tucuatro.com/es/?s={search_term_string}"},"query-input":{"@type":"PropertyValueSpecification","valueRequired":true,"valueName":"search_term_string"}}],"inLanguage":"es"},{"@type":"Organization","@id":"https://tucuatro.com/es/#organization","name":"TuCuatro","url":"https://tucuatro.com/es/","logo":{"@type":"ImageObject","inLanguage":"es","@id":"https://tucuatro.com/es/#/schema/logo/image/","url":"https://tucuatro.com/es/wp-content/uploads/sites/3/2020/02/fretboard_icon_black-64px.png","contentUrl":"https://tucuatro.com/es/wp-content/uploads/sites/3/2020/02/fretboard_icon_black-64px.png","width":64,"height":107,"caption":"TuCuatro"},"image":{"@id":"https://tucuatro.com/es/#/schema/logo/image/"},"sameAs":["https://facebook.com/tucuatrodigital","https://x.com/tucuatro"]}]}</script>
<!-- / Yoast SEO plugin. -->

Canto a Falcon - Letras y Acordes de la Canción - TuCuatro - El Cuatro Venezolano

C# G# D#7 G# C# G# D#7 G# VERSO: G# A#7 A mi tierra querida yo le canto D#7 G# con todo el sentimiento esta canción A#7 quiero expresar al mundo los
